e units digit of s?
7
Let v(l) = -l**3 - l. Let j be v(-1). Suppose 4 - 8 = -j*z. Suppose 0*s = z*s - 156. What is the tens digit of s?
7
Let r be 4 - (0/(-4) - 0). Suppose -r*o - a + 2*a + 401 = 0, -o + 119 = -4*a. What is the tens digit of o?
9
Suppose 2*k + 16 = 7*f - 3*f, -2*f = k. Let v = 12 + f. What is the units digit of v?
4
Suppose -1382 = -2*t - 2*n + 1748, 5*t - 4*n = 7870. What is the thousands digit of t?
1
Let u be 3 + -1 - (-80)/(-5). Let r(l) = l + 1. Let v(q) = 10. Let t(h) = -3*r(h) - v(h). What is the tens digit of t(u)?
2
Suppose 4*p = p + 18. What is the tens digit of 632/p*39/26?
5
Let k(d) = -3*d**3 + 17*d**2 + 21*d - 25. Let c(i) = i**3 - 9*i**2 - 10*i + 12. Let j(l) = -5*c(l) - 2*k(l). What is the tens digit of j(-10)?
1
Let y be (-43)/(1 - 2) + 1/1. Let k = y - -63. What is the tens digit of k?
0
Let u(s) = -2*s + 1. Let i(n) = -n - 11. Let z(w) = i(w) + 4*u(w). Let b(d) = -d - 2. Let q be b(5). What is the units digit of z(q)?
6
Let y be (-4)/(-14) - 1060/(-35)*6. Suppose -y - 85 = -3*t. What is the tens digit of t?
8
Let c(r) = r**3 + 24*r**2 + 44*r - 26. What is the tens digit of c(-20)?
9
Suppose 4*q - 1360 = -q. What is the hundreds digit of q?
2
Let x(s) = -s**3 + 3*s**2 - 2*s + 3. Let d(m) = -m + 3. Let o be d(1). Let v be x(o). Let f(t) = -t**3 + 3*t**2 + 4*t. What is the tens digit of f(v)?
1
Suppose -3*f + 12 = -4*k, 6*f = 5*k + 3*f + 12. Suppose k*u - 432 = -3*u. What is the units digit of u?
4
Suppose 3*s + 7135 = 4*o, 2*o - 3561 = -6*s + s. What is the thousands digit of o?
1
Let f(p) = 3*p**3 - 2*p**2 + 16*p - 18. Let r(z) = 4*z**3 - 3*z**2 + 24*z - 27. Let b(n) = 7*f(n) - 5*r(n). What is the tens digit of b(4)?
5
Let q(j) = -1742*j**3 + 2*j**2 + j. What is the thousands digit of q(-1)?
1
Let k(l) = l**3 - 6*l**2 + 5*l + 2. Let g be k(5). Let q(x) = 6*x**2 + 2*x - 2. What is the tens digit of q(g)?
2
Let s = 1242 - 401. What is the units digit of s?
1
Let r(b) = -7*b + 26. Let i(t) = -3*t - 7. Let v be i(3). What is the tens digit of r(v)?
3
What is the hundreds digit of (-21)/308*-5732 - (-4)/22?
3
What is the tens digit of (-3)/(-4 + 4 + (-12)/1532)?
8
Let i(r) = -r - 9. Let k be i(-9). Suppose k = 4*m - 8, 2*m + 5 = -4*n + 33. What is the units digit of n?
6
Suppose -78*b + 3738 = -72*b. What is the hundreds digit of b?
6
Let w be (-3 - 4/12)*-3. Let y be ((-44)/w)/((-1)/5). Suppose b - o - 4*o = 37, b - y = 2*o. What is the tens digit of b?
1
Suppose 11*k = 10*k. Suppose 2*l - 14 - 16 = k. Let s = -4 + l. What is the units digit of s?
1
Suppose -b - 50 = 5*j, 2*b + 6 + 4 = 0. Let s(o) = -30*o + 10. What is the units digit of s(j)?
0
Suppose 3*i = 4*n + 324, -4*i + 435 = -3*n + 10. Let f = -53 + i. What is the tens digit of f?
5
Let y(i) = 1165*i**2 - i + 1. What is the tens digit of y(1)?
6
Suppose 9*k = k + 584. Suppose k - 28 = 15*q. What is the units digit of q?
3
Let h(t) = -3*t**3 - 9*t**2 - 28*t + 75. What is the hundreds digit of h(-11)?
2
Let x(o) = -o**2 + 16*o + 6. Let p be x(8). Suppose -v - 4*y + p = 0, -2*v - 3*y + 367 = 3*v. What is the tens digit of v?
7
Suppose u = 2*l - 6*l + 456, -5*l + 570 = -4*u. What is the units digit of l?
4
Let c(r) = 59*r**3 - 3*r**2 + 17*r + 3. What is the tens digit of c(4)?
9
Let q = 2513 + -1488. What is the units digit of q?
5
Let m(r) = 2*r**2 - 2*r - 4. Let j be m(6). Suppose 0*w - 4*w = -404. Let o = w - j. What is the tens digit of o?
4
Let a be -3*(2 + 22/(-6)). Let b(q) = q**3 - 6*q**2 + 5*q + 4. Let w be b(a). Suppose -w*n - 19 = -5*n. What is the tens digit of n?
1
Suppose -4*v + 7752 = 13*v. What is the hundreds digit of v?
4
Suppose 0 = -0*j + j - 4. Suppose -x = 2*w - 6*w + 155, 4*x + 126 = 3*w. Suppose -8 = -k - j*m + w, 2*k = 5*m + 92. What is the units digit of k?
6
Suppose -34*d - 3315 = -3*n - 37*d, 2*n = 5*d + 2189. What is the hundreds digit of n?
1
Suppose 4*i - 7673 = 3*u + 3394, -5547 = -2*i - 3*u. What is the thousands digit of i?
2
Let v(m) = 4*m**2 - 2*m + 1. Let q be v(-7). Suppose -8*j + 149 = -q. What is the tens digit of j?
4
Let x be (-474)/(-8) - (-12)/16. Let z = -14 + x. What is the tens digit of z?
4
Suppose 7*q - 42712 = -31*q. What is the units digit of q?
4
Suppose 2*o - 2*z - 200 = 0, 3*o + 0*o = 4*z + 301. Let h(s) = s**3 + 3*s**2 + 2*s + 8. Let f be h(-3). Suppose -5*p + f*p = -o. What is the tens digit of p?
3
Let x be 3 + 3/(-3 - -2). What is the tens digit of x + 99 - (5 + -1)?
9
Suppose 1 = 3*v - 11. Suppose 0 = 2*a - 4*x - 44, -x + 53 = v*a - 2*x. Suppose a*u - 11*u = 65. What is the tens digit of u?
6
Suppose -24 = -0*m - 4*m. What is the units digit of 1/(8/36)*m?
7
Suppose 0 = -0*t + 3*t - 4*i + 3, -3 = 3*t + 5*i. Let h be 3*(4 - (-3)/t). Suppose -2*g + 4*n + 2 = 0, 3*g + h*n - 7 = 14. What is the units digit of g?
5
Let x = -69 + 74. Let y(f) = -f**2 - 5*f. Let d be y(-5). Suppose -256 = -5*v + h, 5*v = x*h - d*h + 240. What is the units digit of v?
2
Suppose 3*r = -2*r - 10. What is the tens digit of (0 - r/4)*116/1?
5
Let u(r) = r**3 + 2*r**2 - 3*r + 4. Let o(m) = 5*m**2. Let z be o(-1). Suppose 5*a - 3*s + 21 = 0, a = 4*a + 2*s + z. What is the units digit of u(a)?
4
Let r(f) = -10*f - 8. Let w be r(-1). What is the units digit of (1/w*-2)/((-14)/70)?
5
Let v be 5248/15 + (-14)/(-105). Let f = -491 + v. Let j = -90 - f. What is the tens digit of j?
5
Let f = 154 - 84. Let j = 78 + f. What is the units digit of j?
8
Let k(t) be the third derivative of -t**6/120 - 4*t**5/15 - 11*t**4/24 + 5*t**3/6 + t**2. Let c be k(-15). What is the tens digit of (8/(-10))/(2/c)?
2
Let n(p) = -4*p - 8. Let j be n(-3). Suppose i + i + j*t = 354, 0 = -5*i - 5*t + 875. What is the tens digit of i?
7
What is the tens digit of 942*(2 - 1)/((-21)/(-63))?
2
Let q be -1 - (-3)/(-15)*0. What is the tens digit of (-33*(-2)/6)/(q + 2)?
1
Let g = 1340 - 882. What is the units digit of g?
8
Let j = 4 - 7. Let t be 0/1*(-3)/j. What is the units digit of 17 - (t - 1) - 1?
7
Let u be (-3)/8 + 6*3834/(-96). Let x = u - -424. What is the hundreds digit of x?
1
Let i(j) = 201*j**2 + 5*j - 5. What is the tens digit of i(-3)?
8
Let p(f) = f**2 + 9*f - 26. Let u be p(-11). Let v(c) = -c**3 + 4*c**2 + 4*c - 6. What is the units digit of v(u)?
6
Let r be -3 + -2 - (0 - -75). Let z = r - -297. What is the units digit of z?
7
Let h(i) = i**3 + 21*i**2 - 6*i + 8. Let y be h(-21). Suppose 5*k - 564 + y = 0. What is the units digit of k?
6
Let l = -1746 - -630. What is the hundreds digit of (-8)/3*l/16?
1
Let y = -4826 + 2562. Let l be 4/14 + y/(-14). Let k = -111 + l. What is the units digit of k?
1
Suppose 4*b + 704 = t + 3*t, 3*t - 488 = -5*b. What is the units digit of t?
1
Suppose -2*q + 6040 = 2*f, -5*q = -4*f - 6423 - 8650. What is the hundreds digit of q?
0
What is the units digit of 1468/(-5 + 7) + 1 + 2?
7
Suppose -49*o - 4*b + 2128 = -47*o, 4*o = -4*b + 4264. What is the hundreds digit of o?
0
Suppose 0 = -22*s - 4 + 26. What is the units digit of s?
1
Let s(l) be the third derivative of l**5/60 + l**4/6 - 7*l**3/6 + 54*l**2. What is the hundreds digit of s(-14)?
1
Let t(o) = 10*o - 41. Let b be t(-13). Let l = 264 + b. What is the units digit of l?
3
Let y be ((-36)/10)/(14/350). Let k = y - -108. What is the units digit of k?
8
Suppose 9*i - 16 = 956. Suppose -4*x = 4*s - i, 4*s = -2*x + 60 + 42. What is the tens digit of s?
2
Let j = 514 + -91. What is the hundreds digit of j?
4
What is the hundreds digit of (-20913)/(-42) + (-27)/(-378)?
4
Suppose 0 = 3*d + 123 - 33. Let z be d/(-2) + 6 + -5. Let q = z + -2. What is the units digit of q?
4
Let n(d) = 16*d**3 + 8*d**2 - 16*d. What is the units digit of n(3)?
6
Suppose 5*j = 0, -3*o + 4*o - 5*j = -45. Let c = o + 78. What is the tens digit of c?
3
Suppose 2*x = 2*j - 68, -3*j + 2*x + 103 = -2*x. Let r = 135 - j. What is the hundreds digit of r?
1
Suppose -8583 - 10907 = -10*r. What is the units digit of r?
9
What is the tens digit of ((-21980)/56)/((-1)/6)?
5
Let t = 1 + 0. Let g(c) = -11*c**2 + 5*c. Let s(r) = -33*r**2 + 14*r. Let w(y) = 11*g(y) - 4*s(y). What is the tens digit of w(t)?
1
Let p(b) = -b**3 + 18*b**2 - 20*b - 36. Let n be p(16). Let o = n + -113. What is the tens digit of o?
4
Let h = -34 + 39. Suppose -r = -3*z + 323, 4*z - 3*r - 434 = -h*r. What is the units digit 